the prime factors of 48755.
5, 7, 199
What are the prime factors of 2657?
2657
What are the prime factors of 3201?
3, 11, 97
What are the prime factors of 342?
2, 3, 19
List the prime factors of 2458.
2, 1229
What are the prime factors of 2227?
17, 131
What are the prime factors of 6867?
3, 7, 109
What are the prime factors of 1492?
2, 373
What are the prime factors of 814?
2, 11, 37
List the prime factors of 123483.
3, 41161
List the prime factors of 3419.
13, 263
What are the prime factors of 219?
3, 73
List the prime factors of 2447.
2447
What are the prime factors of 1715?
5, 7
What are the prime factors of 24988?
2, 6247
What are the prime factors of 691?
691
List the prime factors of 8842.
2, 4421
List the prime factors of 6908.
2, 11, 157
What are the prime factors of 2798?
2, 1399
What are the prime factors of 5554?
2, 2777
List the prime factors of 2187.
3
List the prime factors of 19385.
5, 3877
List the prime factors of 36856.
2, 17, 271
What are the prime factors of 4699?
37, 127
What are the prime factors of 6656?
2, 13
List the prime factors of 3285.
3, 5, 73
List the prime factors of 191028.
2, 3, 15919
List the prime factors of 116.
2, 29
List the prime factors of 459.
3, 17
List the prime factors of 2439.
3, 271
What are the prime factors of 111702?
2, 3, 18617
List the prime factors of 2117.
29, 73
What are the prime factors of 120?
2, 3, 5
What are the prime factors of 8221?
8221
List the prime factors of 972.
2, 3
What are the prime factors of 13069?
7, 1867
What are the prime factors of 1703?
13, 131
What are the prime factors of 1379?
7, 197
What are the prime factors of 200448?
2, 3, 29
What are the prime factors of 22534?
2, 19, 593
List the prime factors of 6229.
6229
What are the prime factors of 1239?
3, 7, 59
List the prime factors of 18000.
2, 3, 5
List the prime factors of 23341.
17, 1373
What are the prime factors of 27594?
2, 3, 7, 73
What are the prime factors of 31508?
2, 7877
List the prime factors of 1766.
2, 883
List the prime factors of 12019.
7, 17, 101
What are the prime factors of 2538?
2, 3, 47
List the prime factors of 914.
2, 457
List the prime factors of 4654.
2, 13, 179
What are the prime factors of 1011?
3, 337
List the prime factors of 4748.
2, 1187
List the prime factors of 53154.
2, 3, 2953
What are the prime factors of 185?
5, 37
What are the prime factors of 2107?
7, 43
What are the prime factors of 16820?
2, 5, 29
List the prime factors of 34055.
5, 7, 139
What are the prime factors of 42909?
3, 14303
What are the prime factors of 332?
2, 83
List the prime factors of 857.
857
What are the prime factors of 54910?
2, 5, 17, 19
What are the prime factors of 60034?
2, 13, 2309
List the prime factors of 2714.
2, 23, 59
List the prime factors of 15048.
2, 3, 11, 19
What are the prime factors of 4189?
59, 71
What are the prime factors of 4647?
3, 1549
What are the prime factors of 100143?
3, 3709
What are the prime factors of 605?
5, 11
What are the prime factors of 10499?
10499
List the prime factors of 3533.
3533
What are the prime factors of 7896?
2, 3, 7, 47
What are the prime factors of 2301?
3, 13, 59
List the prime factors of 80045.
5, 7, 2287
List the prime factors of 5182.
2, 2591
List the prime factors of 2358.
2, 3, 131
What are the prime factors of 5115?
3, 5, 11, 31
List the prime factors of 22235.
5, 4447
List the prime factors of 685.
5, 137
List the prime factors of 1398.
2, 3, 233
List the prime factors of 2965.
5, 593
What are the prime factors of 10453?
10453
List the prime factors of 13200.
2, 3, 5, 11
What are the prime factors of 1506?
2, 3, 251
What are the prime factors of 32542?
2, 53, 307
List the prime factors of 34692.
2, 3, 7, 59
List the prime factors of 2849.
7, 11, 37
List the prime factors of 17423.
7, 19, 131
What are the prime factors of 1437?
3, 479
List the prime factors of 35.
5, 7
List the prime factors of 6042.
2, 3, 19, 53
What are the prime factors of 4834?
2, 2417
List the prime factors of 742.
2, 7, 53
What are the prime factors of 6338?
2, 3169
What are the prime factors of 26097?
3, 8699
What are the prime factors of 11596?
2, 13, 223
What are the prime factors of 918?
2, 3, 17
What are the prime factors of 115205?
5, 23041
List the prime factors of 17357.
17, 1021
What are the prime factors of 1084?
2, 271
List the prime factors of 42697.
42697
What are the prime factors of 33805?
5, 6761
List the prime factors of 201.
3, 67
What are the prime factors of 68494?
2, 23, 1489
What are the prime factors of 10374?
2, 3, 7, 13, 19
List the prime factors of 5589.
3, 23
List the prime factors of 1024.
2
What are the prime factors of 6780?
2, 3, 5, 113
What are the prime factors of 6995?
5, 1399
What are the prime factors of 793?
13, 61
List the prime factors of 166278.
2, 3, 7, 37, 107
What are the prime factors of 79837?
29, 2753
List the prime factors of 51704.
2, 23, 281
What are the prime factors of 79205?
5, 7, 31, 73
What are the prime factors of 3247?
17, 191
What are the prime factors of 8025?
3, 5, 107
What are the prime factors of 9586?
2, 4793
List the prime factors of 1207.
17, 71
What are the prime factors of 2740?
2, 5, 137
What are the prime factors of 52420?
2, 5, 2621
What are the prime factors of 69731?
103, 677
What are the prime factors of 2?
2
What are the prime factors of 985?
5, 197
List the prime factors of 14765.
5, 2953
What are the prime factors of 20569?
67, 307
List the prime factors of 40184.
2, 5023
List the prime factors of 10228.
2, 2557
What are the prime factors of 15195?
3, 5, 1013
What are the prime factors of 19199?
73, 263
List the prime factors of 2926.
2, 7, 11, 19
List the prime factors of 4995.
3, 5, 37
What are the prime factors of 140504?
2, 7, 13, 193
List the prime factors of 4351.
19, 229
What are the prime factors of 2214?
2, 3, 41
What are the prime factors of 9776?
2, 13, 47
List the prime factors of 26148.
2, 3, 2179
What are the prime factors of 7617?
3, 2539
List the prime factors of 1333.
31, 43
What are the prime factors of 6052?
2, 17, 89
What are the prime factors of 467?
467
List the prime factors of 115319.
115319
What are the prime factors of 58757?
58757
What are the prime factors of 64383?
3, 11, 1951
List the prime factors of 49573.
89, 557
What are the prime factors of 7151?
7151
List the prime factors of 92187.
3, 10243
List the prime factors of 12262.
2, 6131
List the prime factors of 16112.
2, 19, 53
List the prime factors of 110417.
109, 1013
What are the prime factors of 28715?
5, 5743
List the prime factors of 1033.
1033
What are the prime factors of 1501?
19, 79
List the prime factors of 1317.
3, 439
List the prime factors of 8398.
2, 13, 17, 19
What are the prime factors of 2837?
2837
What are the prime factors of 7025?
5, 281
What are the prime factors of 39699?
3, 11, 401
What are the prime factors of 12169?
43, 283
List the prime factors of 4583.
4583
List the prime factors of 2533.
17, 149
What are the prime factors of 3908?
2, 977
List the prime factors of 13989.
3, 4663
What are the prime factors of 19961?
19961
List the prime factors of 2969.
2969
What are the prime factors of 28363?
113, 251
What are the prime factors of 101148?
2, 3, 8429
What are the prime factors of 870?
2, 3, 5, 29
List the prime factors of 1761.
3, 587
List the prime factors of 9924.
2, 3, 827
List the prime factors of 1822.
2, 911
What are the prime factors of 75160?
2, 5, 1879
What are the prime factors of 1785?
3, 5, 7, 17
What are the prime factors of 24391?
24391
What are the prime factors of 243?
3
What are the prime factors of 17212?
2, 13, 331
What are the prime factors of 735?
3, 5, 7
List the prime factors of 4823.
7, 13, 53
What are the prime factors of 20022?
2, 3, 47, 71
What are the prime factors of 7727?
7727
List the prime factors of 1095.
3, 5, 73
What are the prime factors of 235?
5, 47
What are the prime factors of 3377?
11, 307
What are the prime factors of 8006?
2, 4003
What are the prime factors of 96290?
2, 5, 9629
List the prime factors of 23030.
2, 5, 7, 47
List the prime factors of 1997.
1997
List the prime factors of 24006.
2, 3, 4001
What are the prime factors of 9926?
2, 7, 709
What are the prime factors of 7346?
2, 3673
List the prime factors of 3332.
2, 7, 17
List the prime